{"id":1019,"date":"2017-01-10T15:25:18","date_gmt":"2017-01-10T14:25:18","guid":{"rendered":"http:\/\/www.emilia-keil.de\/?page_id=1019"},"modified":"2017-01-10T15:51:54","modified_gmt":"2017-01-10T14:51:54","slug":"videos","status":"publish","type":"page","link":"https:\/\/www.emilia-keil.de\/?page_id=1019","title":{"rendered":"Video"},"content":{"rendered":"<p><strong style=\"display: none;\"><span style=\"color: #ffffff;\">Visagistin, Visagisten, Make-up, Makeup, Frisur, Fotoshooting, Hochzeit, Braut, Event, corporate, Fotografie, Unternehmensfotografie, Hairstyling, Hairstylistin, Business,<\/span><\/strong><\/p>\n<div style=\"display: none;\"><strong><span style=\"color: #ffffff;\">Businessfotografie, Vorstandsshooting, Mitarbeiter, Shooting, Top, Styling, Stylistin, Star, Fashion, Beauty, Commercial, Commercials, Werbefotografie, Artist, Team, K\u00f6ln, Bonn, D\u00fcsseldorf, Model, Fotoaufnahmen, Photo, professionell, Auftritt, besondere, Anl\u00e4sse, Schminken, Emilia, Keil<\/span><\/strong> <strong><span style=\"color: #ffffff;\">Visagistin Visagisten Makeup Make-up Frisur Fotoshooting Hochzeit Braut Event corporate Fotografie Unternehmensfotografie Hairstyling Hairstylistin Business<\/span><\/strong> <strong><span style=\"color: #ffffff;\">Businessfotografie Vorstandsshooting Mitarbeiter Shooting Top Styling Stylistin Star Fashion Beauty Commercial Commercials Werbefotografie Artist Team K\u00f6ln Bonn D\u00fcsseldorf Model Fotoaufnahmen Photo professionell Auftritt besondere Anl\u00e4sse Schminken Emilia Keil<\/span><\/strong><\/div>\n","protected":false},"excerpt":{"rendered":"<p>Visagistin, Visagisten, Make-up, Makeup, Frisur, Fotoshooting, Hochzeit, Braut, Event, corporate, Fotografie, Unternehmensfotografie, Hairstyling, Hairstylistin, Business, Businessfotografie, Vorstandsshooting, Mitarbeiter, Shooting, Top, Styling, Stylistin, Star, Fashion, Beauty, Commercial, Commercials, Werbefotografie, Artist, Team, K\u00f6ln, Bonn, D\u00fcsseldorf, Model, Fotoaufnahmen, Photo, professionell, Auftritt, besondere, Anl\u00e4sse, Schminken, Emilia, Keil Visagistin Visagisten Makeup Make-up Frisur Fotoshooting Hochzeit Braut Event corporate Fotografie Unternehmensfotografie [&hellip;]<\/p>\n","protected":false},"author":1,"featured_media":0,"parent":0,"menu_order":0,"comment_status":"closed","ping_status":"closed","template":"template-blog.php","meta":{"footnotes":""},"class_list":["post-1019","page","type-page","status-publish","hentry"],"_links":{"self":[{"href":"https:\/\/www.emilia-keil.de\/index.php?rest_route=\/wp\/v2\/pages\/1019","targetHints":{"allow":["GET"]}}],"collection":[{"href":"https:\/\/www.emilia-keil.de\/index.php?rest_route=\/wp\/v2\/pages"}],"about":[{"href":"https:\/\/www.emilia-keil.de\/index.php?rest_route=\/wp\/v2\/types\/page"}],"author":[{"embeddable":true,"href":"https:\/\/www.emilia-keil.de\/index.php?rest_route=\/wp\/v2\/users\/1"}],"replies":[{"embeddable":true,"href":"https:\/\/www.emilia-keil.de\/index.php?rest_route=%2Fwp%2Fv2%2Fcomments&post=1019"}],"version-history":[{"count":3,"href":"https:\/\/www.emilia-keil.de\/index.php?rest_route=\/wp\/v2\/pages\/1019\/revisions"}],"predecessor-version":[{"id":1036,"href":"https:\/\/www.emilia-keil.de\/index.php?rest_route=\/wp\/v2\/pages\/1019\/revisions\/1036"}],"wp:attachment":[{"href":"https:\/\/www.emilia-keil.de\/index.php?rest_route=%2Fwp%2Fv2%2Fmedia&parent=1019"}],"curies":[{"name":"wp","href":"https:\/\/api.w.org\/{rel}","templated":true}]}}