{"id":1216,"date":"2021-09-26T15:21:27","date_gmt":"2021-09-26T13:21:27","guid":{"rendered":"https:\/\/www.emilia-keil.de\/?page_id=1216"},"modified":"2021-09-26T20:32:17","modified_gmt":"2021-09-26T18:32:17","slug":"about-2","status":"publish","type":"page","link":"https:\/\/www.emilia-keil.de\/?page_id=1216","title":{"rendered":"About"},"content":{"rendered":"\n<figure class=\"wp-block-image size-large\"><img loading=\"lazy\" decoding=\"async\" width=\"2048\" height=\"1948\" src=\"https:\/\/www.emilia-keil.de\/wp-content\/uploads\/2021\/09\/hhh.jpg\" alt=\"\" class=\"wp-image-1213\" srcset=\"https:\/\/www.emilia-keil.de\/wp-content\/uploads\/2021\/09\/hhh.jpg 2048w, https:\/\/www.emilia-keil.de\/wp-content\/uploads\/2021\/09\/hhh-315x300.jpg 315w, https:\/\/www.emilia-keil.de\/wp-content\/uploads\/2021\/09\/hhh-200x190.jpg 200w, https:\/\/www.emilia-keil.de\/wp-content\/uploads\/2021\/09\/hhh-768x731.jpg 768w, https:\/\/www.emilia-keil.de\/wp-content\/uploads\/2021\/09\/hhh-1536x1461.jpg 1536w, https:\/\/www.emilia-keil.de\/wp-content\/uploads\/2021\/09\/hhh-250x238.jpg 250w\" sizes=\"auto, (max-width: 2048px) 100vw, 2048px\" \/><\/figure>\n\n\n<div style=\"text-align:right;\">(\u00a9 Silke Steinraths)<\/div>\n<p>Emilia Keil<br>\nVisagistin, Hairstylistin<br>\nund Make-up-Artist.<br>\nFreiberuflich t\u00e4tig seit April 2002.<br>\n\u201eDas Ganze ist mehr als Summe seiner Teile\u201c - Aristoteles<\/p>\n<p style=\"color:transparent; user-select: none;\"> This is annoying, pls work pls <\/p>\n<p><\/p>\n<h1>Clients<\/h1>\n<p>Commercials<\/p>\n<p>ALDI S\u00fcd, Br\u00f6tje, DEPOT, DER Touristik, Deutsche Post, DHL, Gilden K\u00f6lsch, GIZEH, Hilton, Jahn Reisen, Kaufland, Mazda, MONDO, PostOffice, pro idee, REAL, REWE, Santander Bank, SolarWorld, t-mobile, Deutsche Telekom AG, Tolino, Vaillant, VELUX, Weight Watchers, WILO<\/p>\n<p>Fashion<\/p>\n<p>3Pagen, Apanage, Arlette Kaballo, Asics, Bluhmod, Bugatti, Diesel, Junghans Wolle, Juvia, Milano Italy, Pohland, Smith&amp;Soul, SNAP Sportswear, Soeren Fashion, Stooker, Studio E.B., Tommy Hilfiger, Weise Fashion<\/p>\n<p>Business<\/p>\n<p>AXA AG, Baker Tilly Roelfs, Brenntag AG, Canada Life, CPC AG, Deutsche Leasing AG, Duisburger Hafen AG, E.ON, Oldenburgische Landesbank AG, RheinEnergie AG, Santander Consumer Bank AG, SMA Solar Technology AG, SolarWorld AG, Deutsche Telekom AG, Uniper SE, Vaillant Group<\/p>\n<p>Faces<\/p>\n<p>Alexandra Bechtel, Annette Frier, Axel Fischer, Britta Heidemannn, Carolin Kebekus, Christine Neubauer, Horst Lichter, Ingo Appelt, Jennifer Paige, Joe Kelly, Kuhl un de G\u00e4ng, Laura Wilde, Lena Meyer-Landrut, Loulou von Brochwitz, Marlene Lufen, Matthias Opdenh\u00f6vel, Matthias Reim, Michael Morgan, Monica Ivancan, Ole Bischof, Rosanna Rocci, Rebecca Mir, Susanne P\u00e4tzold<\/p>\n<p>Editorial<\/p>\n<p>Bella, Bild am Sonntag, Country Style, Fashion Today, Haarscharf, LOOXX, Marquis, National Geographic, Popcorn, Post Plus, Sch\u00f6ner Wohnen, Style International, S\u00fcddeutsche Zeitung, TOP Magazin, WirtschaftsWoche<\/p>\n<p>Video\/TV<\/p>\n<p>Beate Johnen, Butler, Corega, Deutsche Post, DKV, e-regio, ESPRIT, Henkel \/ Dylon, Miele, MONDO, Nokia, Sensodyne, Servus TV, Sony Deutschland, Vaillant, Vitasprint B12<\/p>\n<p>and more...<\/p>","protected":false},"excerpt":{"rendered":"<p>(\u00a9 Silke Steinraths) Emilia Keil Visagistin, Hairstylistin und Make-up-Artist. Freiberuflich t\u00e4tig seit April 2002. \u201eDas Ganze ist mehr als Summe seiner Teile\u201c &#8211; Aristoteles This is annoying, pls work pls Clients Commercials ALDI S\u00fcd, Br\u00f6tje, DEPOT, DER Touristik, Deutsche Post, DHL, Gilden K\u00f6lsch, GIZEH, Hilton, Jahn Reisen, Kaufland, Mazda, MONDO, PostOffice, pro idee, REAL, REWE, [&hellip;]<\/p>\n","protected":false},"author":1,"featured_media":0,"parent":0,"menu_order":0,"comment_status":"closed","ping_status":"closed","template":"","meta":{"footnotes":""},"class_list":["post-1216","page","type-page","status-publish","hentry"],"_links":{"self":[{"href":"https:\/\/www.emilia-keil.de\/index.php?rest_route=\/wp\/v2\/pages\/1216","targetHints":{"allow":["GET"]}}],"collection":[{"href":"https:\/\/www.emilia-keil.de\/index.php?rest_route=\/wp\/v2\/pages"}],"about":[{"href":"https:\/\/www.emilia-keil.de\/index.php?rest_route=\/wp\/v2\/types\/page"}],"author":[{"embeddable":true,"href":"https:\/\/www.emilia-keil.de\/index.php?rest_route=\/wp\/v2\/users\/1"}],"replies":[{"embeddable":true,"href":"https:\/\/www.emilia-keil.de\/index.php?rest_route=%2Fwp%2Fv2%2Fcomments&post=1216"}],"version-history":[{"count":8,"href":"https:\/\/www.emilia-keil.de\/index.php?rest_route=\/wp\/v2\/pages\/1216\/revisions"}],"predecessor-version":[{"id":1234,"href":"https:\/\/www.emilia-keil.de\/index.php?rest_route=\/wp\/v2\/pages\/1216\/revisions\/1234"}],"wp:attachment":[{"href":"https:\/\/www.emilia-keil.de\/index.php?rest_route=%2Fwp%2Fv2%2Fmedia&parent=1216"}],"curies":[{"name":"wp","href":"https:\/\/api.w.org\/{rel}","templated":true}]}}