{"id":4,"date":"2015-01-19T14:08:59","date_gmt":"2015-01-19T14:08:59","guid":{"rendered":"http:\/\/dev.emilia-keil.de\/?page_id=4"},"modified":"2021-09-26T20:26:53","modified_gmt":"2021-09-26T18:26:53","slug":"home","status":"publish","type":"page","link":"https:\/\/www.emilia-keil.de\/","title":{"rendered":"Home"},"content":{"rendered":"\n\n<script type=\"text\/javascript\">\n\t\n\tjQuery(function() {\n\t\t\n\t\t(function() {\n\n\t\t\tvar $flex = jQuery('.flexslider');\n\n\t\t\tif ($flex.length) {\n\n\t\t\t\tjQuery(window).load(function() {\n\t\t\t\t\t$flex.flexslider({\n\t\t\t\t\t\tanimation: \"slide\",\n\t\t\t\t\t\tslideshow: true,\n\t\t\t\t\t\tcontrolNav: true,\n\t\t\t\t\t\tslideshowSpeed: 7000,\n\t\t\t\t\t\tanimationSpeed: 600,\n\t\t\t\t\t\tinitDelay: 0,\n\t\t\t\t\t\tdirectionNav: 1,\n\t\t\t\t\t\tdirection: 'horizontal'\n\t\t\t\t\t});\n\t\t\t\t});\n\n\t\t\t}\n\n\t\t})();\n\t\t \n\t});\n\t\n<\/script>\n\n\n\n\n\n<div class=\"content-tabs\">\n\n\t<ul class=\"tabs-nav clearfix\">\n\t\t\t\t\t<li><a href=\"#tab-0\">hair &amp; make-up<\/a><\/li>\n\t\t\t\t\t<li><a href=\"#tab-1\">consulting &amp; conception<\/a><\/li>\n\t\t\t\t\t<li><a href=\"#tab-2\">synergy<\/a><\/li>\n\t\t\t\t\t<li><a href=\"#tab-3\">business &amp; corporate<\/a><\/li>\n\t\t\t\t\n\t<\/ul>\n\n\t<div class=\"tabs-container\">\n\t\t\t\t\t<div id=\"tab-0\" class=\"tab-content\">\n\t\t\t\t<p>Hairstyling und Make-up f\u00fcr folgende Bereiche:&nbsp;&nbsp;&nbsp;&nbsp;&nbsp;&nbsp;&nbsp;&nbsp;&nbsp;&nbsp;&nbsp;<\/p>\n<p>Fotografie: Beauty-, Fashion-, Lifestyle- und Business-Aufnahmen, Werbung, Editorials<\/p>\n<p>Show \/ Event: Modenschauen, Messe-Highlights, K\u00fcnstlerbetreuung,<br \/>\nFirmen-Veranstaltungen, Schulungen, Karnevals-Gesellschaften<\/p>\n<p>Video \/ TV: Werbung, K\u00fcnstler, Musik, Moderationen, website interfaces<\/p>\n<p>Arbeit mit Models, Individuals, Kids &amp; Bestagers<\/p>\n\t\t\t<\/div><!--\/ .tab-content-->\n\t\t\t\t\t<div id=\"tab-1\" class=\"tab-content\">\n\t\t\t\t<p>F\u00fcr Ihre Foto-, Video-, TV-Produktion oder Ihren Event :<\/p>\n<p>Frisur- und Make-up-Entw\u00fcrfe<br \/>\nProfessionelle Organisation und Planung der Styling-Aktion<br \/>\nBriefen der Team-Kollegen<br \/>\nGew\u00e4hrleistung von Qualit\u00e4t, P\u00fcnktlichkeit und reibungslosen Abl\u00e4ufen<\/p>\n<p>&nbsp;<\/p>\n<p>&nbsp;<br \/>\n<\/p>\n\t\t\t<\/div><!--\/ .tab-content-->\n\t\t\t\t\t<div id=\"tab-2\" class=\"tab-content\">\n\t\t\t\t<p>Unterst\u00fctzung bei Modelauswahl<br \/>\nKontaktherstellung zu Fotografen, Designern und Fashion-Stylisten&nbsp;&nbsp;<\/p>\n<p>Auf Anfrage bei gr\u00f6\u00dferen Events und Produktionen:<\/p>\n<p>Zusammenstellung und Einsatz eines eingespielten Teams aus erfahrenen  und stresserprobten Make-up-Artists, Hairstylisten und Assistenten<\/p>\n<p>&nbsp;<\/p>\n<p>&nbsp;<\/p>\n<p><\/p>\n\t\t\t<\/div><!--\/ .tab-content-->\n\t\t\t\t\t<div id=\"tab-3\" class=\"tab-content\">\n\t\t\t\t<p><\/p>\n<p>Optimierendes Make-up und Styling f\u00fcr Business-Aufnahmen vor Ort, schnell und diskret&nbsp;<\/p>\n<p>Einsatzbereiche: Image-, Presse-Bilder, Mitarbeiter-Fotos, Vorstand-Portr\u00e4ts, Firmenpr\u00e4sentationen<\/p>\n<p>Betreuung f\u00fcr Unternehmensfotografie und Video-Produktionen mit Augenmerk auf Kleinigkeiten und Liebe zum Detail<\/p>\n<p>Business- &amp; corporate portfolio auf Anfrage<\/p>\n<p>&nbsp;<\/p>\n<p><\/p>\n\t\t\t<\/div><!--\/ .tab-content-->\n\t\t\n\t<\/div><!--\/ .tabs-container-->\t\n\t\n<\/div><!--\/ .content-tabs-->\n\n\n<div class=\"hygiene\">\n<h4>Hygienebeaftragte f\u00fcr Film-, Fernseh- und Fotoproduktionen (DEKRA)<\/h4>\n<\/div>\n<p><a=\"\" name=\"latest\"><\/a=\"\"><\/p>\n<div style=\"display:none;\"><span style=\"color: #ffffff;\"><strong>Visagistin<\/strong>, <strong>Visagisten<\/strong>, <strong>Make-up<\/strong>, <strong>Makeup<\/strong>, <strong>Frisur<\/strong>, <strong>Fotoshooting<\/strong>, <strong>Hochzeit<\/strong>, <strong>Braut<\/strong>, <strong>Event<\/strong>, <strong>corporate<\/strong>, <strong>Fotografie<\/strong>, <strong>Unternehmensfotografie<\/strong>, <strong>Hairstyling<\/strong>, <strong>Hairstylistin<\/strong>, <strong>Business<\/strong>,<\/span><\/div>\n<div style=\"display: none;\"><span style=\"color: #ffffff;\"><strong>Businessfotografie<\/strong>, <strong>Vorstandsshooting<\/strong>, <strong>Mitarbeiter<\/strong>, <strong>Shooting<\/strong>, <strong>Top<\/strong>, <strong>Styling<\/strong>, <strong>Stylistin<\/strong>, <strong>Star<\/strong>, <strong>Fashion<\/strong>, <strong>Beauty<\/strong>, <strong>Commercial<\/strong>, <strong>Commercials<\/strong>, <strong>Werbefotografie<\/strong>, <strong>Artist<\/strong>, <strong>Team<\/strong>, <strong>K\u00f6ln<\/strong>, <strong>Bonn<\/strong>, <strong>D\u00fcsseldorf<\/strong>, <strong>Model<\/strong>, <strong>Fotoaufnahmen<\/strong>, <strong>Photo<\/strong>, <strong>professionell<\/strong>, <strong>Auftritt<\/strong>, <strong>besondere<\/strong>, <strong>Anl\u00e4sse<\/strong>, <strong>Schminken<\/strong>, <strong>Emilia<\/strong>, <strong>Keil<\/strong><\/span><strong><span style=\"color: #ffffff;\">Visagistin Visagisten Makeup Make-up Frisur Fotoshooting Hochzeit Braut Event corporate Fotografie Unternehmensfotografie Hairstyling Hairstylistin Business<\/span><\/strong> <strong><span style=\"color: #ffffff;\">Businessfotografie Vorstandsshooting Mitarbeiter Shooting Top Styling Stylistin Star Fashion Beauty Commercial Commercials Werbefotografie Artist Team K\u00f6ln Bonn D\u00fcsseldorf Model Fotoaufnahmen Photo professionell Auftritt besondere Anl\u00e4sse Schminken Emilia Keil<\/span><br \/>\n<strong>Visagistin, Hairstylistin und Make-up-Artist.<br \/>\nMeine Lehrg\u00e4nge absolvierte ich in namhaften Schulen und bin seit 2002 freiberuflich, sowohl bundesweit als auch international t\u00e4tig. Einsatzgebiet: K\u00f6ln, Bonn, D\u00fcsseldorf, Essen, Duisburg, Frankfurt, Hamburg, Berlin.<br \/>\nOb bei Fotoshootings oder TV-Produktionen, schaffe ich durch meine ruhige Art und Professionalit\u00e4t eine angenehme Atmosph\u00e4re und mit gro\u00dfer Leidenschaft zu meiner Arbeit kreiere ich sowohl nat\u00fcrliche als auch ausgefallene Looks und stehe Ihnen zuverl\u00e4ssig zur Seite.<br \/>\nAusbildung<br \/>\nMake-up-Artist: \u201edie Maske\u201c<br \/>\nHairstylistin: Friseurschule Harder<br \/>\nNail-Designerin: MAHA<br \/>\nPermanent-Make-up-Artist: LaBina<br \/>\nF\u00fcr Privatkunden<br \/>\n- Styling f\u00fcr besondere Anl\u00e4sse<br \/>\n- Permanent-Make-up,<br \/>\n- Home-Service,<br \/>\n- Make-up-Kurse,<br \/>\n- Workshops und Beratungen von mir oder meinen Team-Kollegen ( professionelle Hair- und Make-up-Artists)<\/strong><\/strong><\/div>\n<p><strong><strong>&nbsp;<\/strong><\/strong><\/p>\n<p><strong><strong><br \/>\n<\/strong><\/strong><strong><strong><\/strong><\/strong><\/p>\n","protected":false},"excerpt":{"rendered":"<p>Hygienebeaftragte f\u00fcr Film-, Fernseh- und Fotoproduktionen (DEKRA) Visagistin, Visagisten, Make-up, Makeup, Frisur, Fotoshooting, Hochzeit, Braut, Event, corporate, Fotografie, Unternehmensfotografie, Hairstyling, Hairstylistin, Business, Businessfotografie, Vorstandsshooting, Mitarbeiter, Shooting, Top, Styling, Stylistin, Star, Fashion, Beauty, Commercial, Commercials, Werbefotografie, Artist, Team, K\u00f6ln, Bonn, D\u00fcsseldorf, Model, Fotoaufnahmen, Photo, professionell, Auftritt, besondere, Anl\u00e4sse, Schminken, Emilia, KeilVisagistin Visagisten Makeup Make-up Frisur Fotoshooting [&hellip;]<\/p>\n","protected":false},"author":1,"featured_media":0,"parent":0,"menu_order":0,"comment_status":"closed","ping_status":"closed","template":"","meta":{"footnotes":""},"class_list":["post-4","page","type-page","status-publish","hentry"],"_links":{"self":[{"href":"https:\/\/www.emilia-keil.de\/index.php?rest_route=\/wp\/v2\/pages\/4","targetHints":{"allow":["GET"]}}],"collection":[{"href":"https:\/\/www.emilia-keil.de\/index.php?rest_route=\/wp\/v2\/pages"}],"about":[{"href":"https:\/\/www.emilia-keil.de\/index.php?rest_route=\/wp\/v2\/types\/page"}],"author":[{"embeddable":true,"href":"https:\/\/www.emilia-keil.de\/index.php?rest_route=\/wp\/v2\/users\/1"}],"replies":[{"embeddable":true,"href":"https:\/\/www.emilia-keil.de\/index.php?rest_route=%2Fwp%2Fv2%2Fcomments&post=4"}],"version-history":[{"count":66,"href":"https:\/\/www.emilia-keil.de\/index.php?rest_route=\/wp\/v2\/pages\/4\/revisions"}],"predecessor-version":[{"id":1233,"href":"https:\/\/www.emilia-keil.de\/index.php?rest_route=\/wp\/v2\/pages\/4\/revisions\/1233"}],"wp:attachment":[{"href":"https:\/\/www.emilia-keil.de\/index.php?rest_route=%2Fwp%2Fv2%2Fmedia&parent=4"}],"curies":[{"name":"wp","href":"https:\/\/api.w.org\/{rel}","templated":true}]}}

<script type="text/javascript">
	
	jQuery(function() {
		
		(function() {

			var $flex = jQuery('.flexslider');

			if ($flex.length) {

				jQuery(window).load(function() {
					$flex.flexslider({
						animation: "slide",
						slideshow: true,
						controlNav: true,
						slideshowSpeed: 7000,
						animationSpeed: 600,
						initDelay: 0,
						directionNav: 1,
						direction: 'horizontal'
					});
				});

			}

		})();
		 
	});
	
</script>





<div class="content-tabs">

	<ul class="tabs-nav clearfix">
					<li><a href="#tab-0">hair &amp; make-up</a></li>
					<li><a href="#tab-1">consulting &amp; conception</a></li>
					<li><a href="#tab-2">synergy</a></li>
					<li><a href="#tab-3">business &amp; corporate</a></li>
				
	</ul>

	<div class="tabs-container">
					<div id="tab-0" class="tab-content">
				<p>Hairstyling und Make-up für folgende Bereiche:&nbsp;&nbsp;&nbsp;&nbsp;&nbsp;&nbsp;&nbsp;&nbsp;&nbsp;&nbsp;&nbsp;</p>
<p>Fotografie: Beauty-, Fashion-, Lifestyle- und Business-Aufnahmen, Werbung, Editorials</p>
<p>Show / Event: Modenschauen, Messe-Highlights, Künstlerbetreuung,<br />
Firmen-Veranstaltungen, Schulungen, Karnevals-Gesellschaften</p>
<p>Video / TV: Werbung, Künstler, Musik, Moderationen, website interfaces</p>
<p>Arbeit mit Models, Individuals, Kids &amp; Bestagers</p>
			</div><!--/ .tab-content-->
					<div id="tab-1" class="tab-content">
				<p>Für Ihre Foto-, Video-, TV-Produktion oder Ihren Event :</p>
<p>Frisur- und Make-up-Entwürfe<br />
Professionelle Organisation und Planung der Styling-Aktion<br />
Briefen der Team-Kollegen<br />
Gewährleistung von Qualität, Pünktlichkeit und reibungslosen Abläufen</p>
<p>&nbsp;</p>
<p>&nbsp;<br />
</p>
			</div><!--/ .tab-content-->
					<div id="tab-2" class="tab-content">
				<p>Unterstützung bei Modelauswahl<br />
Kontaktherstellung zu Fotografen, Designern und Fashion-Stylisten&nbsp;&nbsp;</p>
<p>Auf Anfrage bei größeren Events und Produktionen:</p>
<p>Zusammenstellung und Einsatz eines eingespielten Teams aus erfahrenen  und stresserprobten Make-up-Artists, Hairstylisten und Assistenten</p>
<p>&nbsp;</p>
<p>&nbsp;</p>
<p></p>
			</div><!--/ .tab-content-->
					<div id="tab-3" class="tab-content">
				<p></p>
<p>Optimierendes Make-up und Styling für Business-Aufnahmen vor Ort, schnell und diskret&nbsp;</p>
<p>Einsatzbereiche: Image-, Presse-Bilder, Mitarbeiter-Fotos, Vorstand-Porträts, Firmenpräsentationen</p>
<p>Betreuung für Unternehmensfotografie und Video-Produktionen mit Augenmerk auf Kleinigkeiten und Liebe zum Detail</p>
<p>Business- &amp; corporate portfolio auf Anfrage</p>
<p>&nbsp;</p>
<p></p>
			</div><!--/ .tab-content-->
		
	</div><!--/ .tabs-container-->	
	
</div><!--/ .content-tabs-->


<div class="hygiene">
<h4>Hygienebeaftragte für Film-, Fernseh- und Fotoproduktionen (DEKRA)</h4>
</div>
<p><a="" name="latest"></a=""></p>
<div style="display:none;"><span style="color: #ffffff;"><strong>Visagistin</strong>, <strong>Visagisten</strong>, <strong>Make-up</strong>, <strong>Makeup</strong>, <strong>Frisur</strong>, <strong>Fotoshooting</strong>, <strong>Hochzeit</strong>, <strong>Braut</strong>, <strong>Event</strong>, <strong>corporate</strong>, <strong>Fotografie</strong>, <strong>Unternehmensfotografie</strong>, <strong>Hairstyling</strong>, <strong>Hairstylistin</strong>, <strong>Business</strong>,</span></div>
<div style="display: none;"><span style="color: #ffffff;"><strong>Businessfotografie</strong>, <strong>Vorstandsshooting</strong>, <strong>Mitarbeiter</strong>, <strong>Shooting</strong>, <strong>Top</strong>, <strong>Styling</strong>, <strong>Stylistin</strong>, <strong>Star</strong>, <strong>Fashion</strong>, <strong>Beauty</strong>, <strong>Commercial</strong>, <strong>Commercials</strong>, <strong>Werbefotografie</strong>, <strong>Artist</strong>, <strong>Team</strong>, <strong>Köln</strong>, <strong>Bonn</strong>, <strong>Düsseldorf</strong>, <strong>Model</strong>, <strong>Fotoaufnahmen</strong>, <strong>Photo</strong>, <strong>professionell</strong>, <strong>Auftritt</strong>, <strong>besondere</strong>, <strong>Anlässe</strong>, <strong>Schminken</strong>, <strong>Emilia</strong>, <strong>Keil</strong></span><strong><span style="color: #ffffff;">Visagistin Visagisten Makeup Make-up Frisur Fotoshooting Hochzeit Braut Event corporate Fotografie Unternehmensfotografie Hairstyling Hairstylistin Business</span></strong> <strong><span style="color: #ffffff;">Businessfotografie Vorstandsshooting Mitarbeiter Shooting Top Styling Stylistin Star Fashion Beauty Commercial Commercials Werbefotografie Artist Team Köln Bonn Düsseldorf Model Fotoaufnahmen Photo professionell Auftritt besondere Anlässe Schminken Emilia Keil</span><br />
<strong>Visagistin, Hairstylistin und Make-up-Artist.<br />
Meine Lehrgänge absolvierte ich in namhaften Schulen und bin seit 2002 freiberuflich, sowohl bundesweit als auch international tätig. Einsatzgebiet: Köln, Bonn, Düsseldorf, Essen, Duisburg, Frankfurt, Hamburg, Berlin.<br />
Ob bei Fotoshootings oder TV-Produktionen, schaffe ich durch meine ruhige Art und Professionalität eine angenehme Atmosphäre und mit großer Leidenschaft zu meiner Arbeit kreiere ich sowohl natürliche als auch ausgefallene Looks und stehe Ihnen zuverlässig zur Seite.<br />
Ausbildung<br />
Make-up-Artist: „die Maske“<br />
Hairstylistin: Friseurschule Harder<br />
Nail-Designerin: MAHA<br />
Permanent-Make-up-Artist: LaBina<br />
Für Privatkunden<br />
- Styling für besondere Anlässe<br />
- Permanent-Make-up,<br />
- Home-Service,<br />
- Make-up-Kurse,<br />
- Workshops und Beratungen von mir oder meinen Team-Kollegen ( professionelle Hair- und Make-up-Artists)</strong></strong></div>
<p><strong><strong>&nbsp;</strong></strong></p>
<p><strong><strong><br />
</strong></strong><strong><strong></strong></strong></p>

<p>Hygienebeaftragte für Film-, Fernseh- und Fotoproduktionen (DEKRA) Visagistin, Visagisten, Make-up, Makeup, Frisur, Fotoshooting, Hochzeit, Braut, Event, corporate, Fotografie, Unternehmensfotografie, Hairstyling, Hairstylistin, Business, Businessfotografie, Vorstandsshooting, Mitarbeiter, Shooting, Top, Styling, Stylistin, Star, Fashion, Beauty, Commercial, Commercials, Werbefotografie, Artist, Team, Köln, Bonn, Düsseldorf, Model, Fotoaufnahmen, Photo, professionell, Auftritt, besondere, Anlässe, Schminken, Emilia, KeilVisagistin Visagisten Makeup Make-up Frisur Fotoshooting [&hellip;]</p>
